ose 233*h = 201*h. Let f(s) = s + 5. Let n be f(-3). Let m(r) = 3*r**n + 4*r + 1 - 3*r - 2*r**2. Calculate m(h).
1
Let g = -3 - -3. Let w be 22 + (1 - g - 0). Suppose -l + w = -5*z, -2*l = 3*z - 2*z + 9. Let c(a) = -a**2 - 2*a - 2. Calculate c(l).
-2
Let j(l) = -l. Let z = -32 - -34. Suppose -3*r = -z*r. Calculate j(r).
0
Suppose 14 = 5*z - 31. Let h(o) = -o + 2. Determine h(z).
-7
Let c(u) = -u**2 + 6*u + 1. Let n be 24/2 + (-20)/(-10). Suppose n = 11*b - 9*b. Calculate c(b).
-6
Let o(r) = 2*r + 2. Let u be o(3). Let g(b) = b**3 - 14*b**2 + 3*b + 3. Let d(v) = -2*v**2 + v + 1. Let h(p) = -3*d(p) + g(p). What is h(u)?
0
Let v(h) = -7*h**3 + 4*h**2 - 5*h - 20. Let a(c) = c**3 + c + 3. Let i(t) = 6*a(t) + v(t). Determine i(2).
8
Let v(w) = -3*w**2 + 3*w**3 + 28*w + 2*w**2 + 5*w**3 - 24*w. Let x(n) = 8*n**3 - 2*n**2 + 5*n. Let m(r) = -4*v(r) + 3*x(r). Determine m(-1).
7
Let q be (-268)/(-8) + 3/6. Suppose 2*g + 8 = q. Suppose 3*t - g + 1 = 0. Let a(k) = -k**3 + 5*k**2 - 5*k + 5. What is a(t)?
1
Let c(l) = 3*l**3 - 15*l**2 + 2*l - 9. Let q be c(5). Let x(i) = 21*i**3 - 2*i**2 + 2*i - 1. What is x(q)?
20
Let n(f) = f - 1. Suppose 5*c = -4 + 34. Suppose -c = -t - 1. Give n(t).
4
Suppose 0 + 15 = -3*n. Let p(v) be the second derivative of v**4/12 + v**3 + 2*v**2 + 6*v. Let m(w) be the first derivative of p(w). Determine m(n).
-4
Suppose -2*g - 16 = 4*s, -2*g = -0*g - 2*s + 16. Let u(r) = r + 7. What is u(g)?
-1
Let r = -6 + 5. Let n(g) be the first derivative of -g**5/4 + g**3/6 - 11*g - 11. Let a(o) be the first derivative of n(o). Calculate a(r).
4
Suppose -7*f - 861 = -770. Let s(p) = -p - 20. What is s(f)?
-7
Let y(g) = 3*g - 37. Suppose 43*s = -126 + 771. Determine y(s).
8
Suppose 4*r - 4 = -8. Let m = 3 + r. Let t(o) = 2*o**3 - o**2 - o + 1. Determine t(m).
11
Let h(x) = 3*x + 3. Let p be 2/((6/(-15))/(12/20)). Let z be (11/22)/(-1 + p/(-4)). Give h(z).
-3
Suppose 0 = m + 5*b - 4*b + 1, 0 = -b - 1. Let j(d) be the third derivative of 7/6*d**3 + m - 8*d**2 - 7/24*d**4 + 0*d + 1/60*d**5. Calculate j(5).
-3
Let n(u) = 39*u**2 - 2*u + 2. Let j = -446 + 447. Give n(j).
39
Let z = -34 - -40. Let b(x) = 1 - z*x - 8 + 4. Determine b(-2).
9
Let k(o) = -o**3 - 5*o**2 - 4*o - 2. Let h be (4 - 2)/(-6)*6. Let u be k(h). Let r be (u/7)/((-2)/(-14)). Let x(t) = -t**2 - 7*t + 2. What is x(r)?
8
Let n(q) = 2*q**2 - 2*q - 2. Suppose -5*k - 27 = -2*k. Let r = -1 - k. Suppose 0 = c + 5*w - 27, c - 5*w = -3*w - r. Determine n(c).
2
Let d(s) be the third derivative of s**5/60 - 25*s**4/24 + 789*s**2. Determine d(25).
0
Let t(s) = s**3 + 9*s**2 + 8*s - 3. Let n = 18 - 20. Let k be 10*6*(-1)/n. Suppose -5*y + a = 3*a + k, 2*y = -5*a + 9. Calculate t(y).
-3
Let m be ((-15)/(-7) - 3)*-7. Let y(n) = -5 - 3 + 1 + m + 4*n. Suppose 2*b - 3*b - 1 = 0. Determine y(b).
-5
Let n = -638 + 648. Let d(i) = -i + 18. Give d(n).
8
Let i(u) = 30*u + 4. Let j(r) = 30*r + 3. Let p(n) = -2*i(n) + 3*j(n). What is p(1)?
31
Suppose 5*c + 143 - 38 = 0. Let l = c + 17. Let r(q) = q + 6. Determine r(l).
2
Let q be (-18)/(-8) + 1/(-4). Let l(a) = -1 + q*a + a - 2*a. Let v = 231 + -226. Determine l(v).
4
Let b(u) = -3*u**2 + 7*u - 145 + 315 + 4*u**2 - 154. Calculate b(-6).
10
Let t(m) = 7*m**2 - m + 5. Let i(y) = -23*y**2 + 3*y - 17. Let j(h) = 4*i(h) + 14*t(h). Give j(1).
6
Let d be -3*(-2)/(-4)*-2. Let y(n) be the third derivative of -n**4/12 - 878*n**2. Give y(d).
-6
Suppose -2*n - 2*n + 4 = 0. Let w(j) be the first derivative of -5*j**2 - 76. Determine w(n).
-10
Suppose 0 = 14*l - 10*l - 120. Suppose -4*x - 10 + l = 0. Let v(u) be the third derivative of -u**5/60 + u**4/6 - 7*u**2. Calculate v(x).
-5
Suppose -4*i + 1 = -3*p + 4, 0 = 2*p - i - 7. Let c(w) = 4*w - 1. Let k(z) = 9 - 5*z - 8 - 2*z. Let m(f) = -5*c(f) - 3*k(f). Calculate m(p).
7
Let m be 3/6*0*1. Let h(k) = -k**3 + k - 5. Determine h(m).
-5
Let f(z) be the second derivative of -z**6/360 - z**5/120 - 13*z**3/6 - 2*z. Let w(j) be the second derivative of f(j). Calculate w(1).
-2
Let a(n) be the first derivative of 1/3*n**3 - 3 - 1/20*n**5 + 11*n - 1/12*n**4 - 1/2*n**2. Let z(p) be the first derivative of a(p). Calculate z(-2).
-1
Suppose 7*q - 4*q = -9. Let l(d) = -2*d - 7. Let r be l(q). Let a(p) = -8*p + 1. What is a(r)?
9
Let u(f) = 5*f**2 - f**3 + 85*f + 0*f**3 + 2 - 82*f - 2*f**2. What is u(3)?
11
Let a(l) = 2*l - 1. Suppose 2*x + 0 = 10. Let h(f) = -f + 6. Let d be h(x). Let m be d/(-4)*(-22 + 10). What is a(m)?
5
Let d(b) = -b**2 - 4*b - 1. Suppose 17*z - 16*z = -f - 9, 4*z = -5*f - 40. Give d(z).
-6
Let p = 1106 - 1098. Let i(q) = 8*q - 58. Give i(p).
6
Let p = 5 + 0. Suppose 5*y - 145 = 3*o, 2*y + 4*o - 58 = -0*y. Let q(h) = -15*h - 7*h - h**2 - 4 + y*h. Give q(p).
6
Let n(w) = -31 + 23 - 2*w + w + 18 - w. Let o be (-66)/(-8) + (-1)/4. Determine n(o).
-6
Let y(i) be the third derivative of -i**4/6 + 7*i**3/3 + 166*i**2 + i. Determine y(6).
-10
Let b(p) = 16*p + 15*p**2 + 13*p**3 + 4*p**3 - 16*p**3 + 26. Calculate b(-14).
-2
Let l(m) = -8*m**3 - m - 1. Let b be 3/(-9)*42/14. Determine l(b).
8
Let j(s) = s**3 - 6*s**2 + 6*s + 1. Let x be j(5). Suppose 0 = x*r - 18 + 60. Let d(u) = -u**2 - 8*u + 4. Calculate d(r).
11
Let r(b) be the second derivative of b**6/360 - 3*b**5/40 + 5*b**4/12 - 5*b**3/3 - 2*b. Let u(j) be the second derivative of r(j). Determine u(8).
2
Let o(l) = -l**2 + 6*l + 8. Let x be 2/(2*1/(-6)). Let k = x - 4. Let z = 16 + k. Give o(z).
8
Let b = -77 + 51. Let t = -23 - b. Let r(y) = -7 + 0 - t*y + 4*y + 0*y. Give r(5).
-2
Let d(s) = 0*s + s - 2*s - 6. Let n(u) = -69*u - 207. Let x be n(-3). Calculate d(x).
-6
Let n be -2 - -4*2/4. Let m be 6/(n + (22/4 - 4)). Let t(k) = -k**2 + 2*k - 5. Give t(m).
-13
Suppose 30 = 8*w - 2*w. Let c(i) = -i + 0 + 2 - 7 - w. Determine c(-7).
-3
Let w(t) = 6*t - 6 + 0*t - 2*t - 3 + 8. Determine w(4).
15
Suppose -7 = k - 1. Let b(f) = -f**2 + 4*f - 2. Let n(m) = -1. Let t(s) = k*n(s) + b(s). Give t(5).
-1
Let k(x) = -x**3 + 6*x**2 - 6*x + 2. Let v = 11 + -7. Let l = -19 + 21. Suppose -v = -l*g, 5*g - 25 = -o - 2*o. What is k(o)?
-3
Let l(s) = 4*s + 1. Suppose 4*a - 37 = 2*c + 1, -4*a - 2*c = -50. Suppose 4*x = a - 3. Suppose -4*y = -6*y + x. Determine l(y).
5
Let m(t) = -t**3 - 3*t**2 + 2*t + 3. Suppose r = 5*r - 24. Suppose 0 = q + 4, -2*q + 1 = x + r. Suppose 0 = 2*o - 3*o - x. Calculate m(o).
-3
Let j(v) = -v**2 - 4*v + 2. Let o(t) = -t**2 + 10*t - 4. Let h be o(9). Suppose -h*y + 110 = k, k = 2*y - 5*y + 66. Let i = 17 - y. Determine j(i).
-3
Let s be 1*6/(-2) + -2. Let c(m) = m - 10. Let f be c(10). Let d(p) = -6 - 4*p + f*p**2 - 4*p - p**2 + 3*p. Calculate d(s).
-6
Let r be (0 + -1 - -10)/(132/88). Let m(z) be the second derivative of z**4/12 - z**3 - z**2 - 4*z. Calculate m(r).
-2
Let o be (7/14)/(((-5)/2)/5). Let r(t) = -16*t**3 - 3*t**2 + 2*t + 1. Let h(f) = -2*f**3 + 4*f**2 - 3*f**2 + f**3. Let j(z) = -3*h(z) - r(z). Calculate j(o).
-18
Let c(f) = f**3 + 12*f**2 + 12*f + 12. Let w be c(-11). Suppose -4 = -u - w. Let o(n) = -5 - 3 - u*n**3 + 4*n**3. Determine o(0).
-8
Let i(r) = -5*r**2 - r + 7. Let b(d) = d**2 - 1. Let s be (-2)/((-9)/3 - -1). Let y(u) = s*i(u) + 6*b(u). Calculate y(0).
1
Let d(l) = -3*l. Let o = -26 - -7. Let n = o - -31. Suppose n*m = 9*m + 3. Calculate d(m).
-3
Let k(a) be the third derivative of -a**5/15 - a**4/8 + a**3/6 + 236*a**2. Give k(-2).
-9
Let r be (33/(-6) - -4)*(-4)/3. Let c(y) = -22*y + 1 + 27*y + 4*y**r - 7 - y**3. What is c(5)?
-6
Let q(w) = 4*w. Let l be 637/52 - 2/16*2. Suppose -c - l = -3*d, -4*d + 12 = -d + 2*c. Give q(d).
16
Let g(n) = n**3 - 2*n**2 - 4 + 3 - 4 - n. Let i(v) = v**3 - 9*v**2 + 19*v - 84. Let k be i(8). Determine g(k).
23
Let o(a) = -2*a - 15. Let w be 1/((-135)/65 + 2). Give o(w).
11
Let b(f) = -3*f**3 + 2*f**2 + f + 2. Let n be b(-2). Let h = 30 - n. Let m be h*(-3)/6 - 1. Let l(g) = -g**2 - 4. Give l(m).
-4
Let x(y) = -2*y**2 - 3*y - 5. Let w(u) = -u**2 - 3*u - 5*u**2 + 0*u**2 - 14 - 6*u. Let d(b) = 4*w(b) - 11*x(b). Give d(-2).
-3
Let s(w) = w**2 - 96. Let m be s(10). Let c(v) = -v**2 + 6*v - 2. Give c(m).
6
Let d(w) = -2*w - 1. Let a(f) = f**3 + 7*f**2 + 5*f - 4. Let p be a(-6). Suppose -5*v = -i - 2, -2*v - p*v - 5*i = -19. Give d(v).
-3
Let r(i) be the second derivative of -i**4/12 + 9*i**3/2 + 3*i**2/2